CRAN Package Check Results for Package scalpel

Last updated on 2024-07-19 17:54:40 CEST.

Flavor Version Tinstall Tcheck Ttotal Status Flags
r-devel-linux-x86_64-debian-clang 1.0.3 9.80 85.13 94.93 NOTE
r-devel-linux-x86_64-debian-gcc 1.0.3 9.79 63.80 73.59 NOTE
r-devel-linux-x86_64-fedora-clang 1.0.3 129.93 NOTE
r-devel-linux-x86_64-fedora-gcc 1.0.3 119.89 NOTE
r-devel-windows-x86_64 1.0.3 13.00 84.00 97.00 NOTE
r-patched-linux-x86_64 1.0.3 12.24 82.06 94.30 NOTE
r-release-linux-x86_64 1.0.3 11.41 82.35 93.76 NOTE
r-release-macos-arm64 1.0.3 37.00 NOTE
r-release-macos-x86_64 1.0.3 53.00 NOTE
r-release-windows-x86_64 1.0.3 12.00 84.00 96.00 NOTE
r-oldrel-macos-arm64 1.0.3 39.00 NOTE
r-oldrel-macos-x86_64 1.0.3 58.00 NOTE
r-oldrel-windows-x86_64 1.0.3 18.00 102.00 120.00 NOTE

Check Details

Version: 1.0.3
Check: Rd files
Result: NOTE checkRd: (-1) scalpelStep0.Rd:40: Lost braces in \itemize; \value handles \item{}{} directly checkRd: (-1) scalpelStep0.Rd:41: Lost braces in \itemize; \value handles \item{}{} directly checkRd: (-1) scalpelStep0.Rd:42: Lost braces in \itemize; \value handles \item{}{} directly checkRd: (-1) scalpelStep0.Rd:43: Lost braces in \itemize; \value handles \item{}{} directly checkRd: (-1) scalpelStep0.Rd:44: Lost braces in \itemize; \value handles \item{}{} directly checkRd: (-1) scalpelStep1.Rd:33-34: Lost braces in \itemize; \value handles \item{}{} directly checkRd: (-1) scalpelStep1.Rd:35-36: Lost braces in \itemize; \value handles \item{}{} directly checkRd: (-1) scalpelStep1.Rd:37-38: Lost braces in \itemize; \value handles \item{}{} directly checkRd: (-1) scalpelStep1.Rd:39-40: Lost braces in \itemize; \value handles \item{}{} directly checkRd: (-1) scalpelStep1.Rd:41: Lost braces in \itemize; \value handles \item{}{} directly checkRd: (-1) scalpelStep1.Rd:42: Lost braces in \itemize; \value handles \item{}{} directly checkRd: (-1) scalpelStep2.Rd:32-33: Lost braces in \itemize; \value handles \item{}{} directly checkRd: (-1) scalpelStep2.Rd:34-35: Lost braces in \itemize; \value handles \item{}{} directly checkRd: (-1) scalpelStep2.Rd:36-37: Lost braces in \itemize; \value handles \item{}{} directly checkRd: (-1) scalpelStep2.Rd:38-39: Lost braces in \itemize; \value handles \item{}{} directly checkRd: (-1) scalpelStep2.Rd:40-42: Lost braces in \itemize; \value handles \item{}{} directly checkRd: (-1) scalpelStep2.Rd:43: Lost braces in \itemize; \value handles \item{}{} directly checkRd: (-1) scalpelStep3.Rd:49-52: Lost braces in \itemize; \value handles \item{}{} directly checkRd: (-1) scalpelStep3.Rd:53-54: Lost braces in \itemize; \value handles \item{}{} directly checkRd: (-1) scalpelStep3.Rd:55: Lost braces in \itemize; \value handles \item{}{} directly checkRd: (-1) scalpelStep3.Rd:56-57: Lost braces in \itemize; \value handles \item{}{} directly checkRd: (-1) scalpelStep3.Rd:58-59: Lost braces in \itemize; \value handles \item{}{} directly checkRd: (-1) scalpelStep3.Rd:60-61: Lost braces in \itemize; \value handles \item{}{} directly checkRd: (-1) scalpelStep3.Rd:62: Lost braces in \itemize; \value handles \item{}{} directly Flavors: r-devel-linux-x86_64-debian-clang, r-devel-linux-x86_64-debian-gcc, r-devel-linux-x86_64-fedora-clang, r-devel-linux-x86_64-fedora-gcc, r-devel-windows-x86_64, r-patched-linux-x86_64, r-release-linux-x86_64, r-release-macos-arm64, r-release-macos-x86_64, r-release-windows-x86_64

Version: 1.0.3
Check: LazyData
Result: NOTE 'LazyData' is specified without a 'data' directory Flavors: r-devel-linux-x86_64-debian-clang, r-devel-linux-x86_64-debian-gcc, r-devel-linux-x86_64-fedora-clang, r-devel-linux-x86_64-fedora-gcc, r-devel-windows-x86_64, r-patched-linux-x86_64, r-release-linux-x86_64, r-release-macos-arm64, r-release-macos-x86_64, r-release-windows-x86_64, r-oldrel-macos-arm64, r-oldrel-macos-x86_64, r-oldrel-windows-x86_64