CRAN Package Check Results for Package scagnostics

Last updated on 2024-07-18 04:50:27 CEST.

Flavor Version Tinstall Tcheck Ttotal Status Flags
r-devel-linux-x86_64-debian-clang 0.2-6 3.42 39.13 42.55 NOTE
r-devel-linux-x86_64-debian-gcc 0.2-6 2.72 29.54 32.26 NOTE
r-devel-linux-x86_64-fedora-clang 0.2-6 55.52 NOTE
r-devel-linux-x86_64-fedora-gcc 0.2-6 52.65 NOTE
r-devel-windows-x86_64 0.2-6 4.00 48.00 52.00 OK
r-patched-linux-x86_64 0.2-6 3.20 38.18 41.38 NOTE
r-release-linux-x86_64 0.2-6 3.74 37.50 41.24 NOTE
r-release-macos-arm64 0.2-6 19.00 NOTE
r-release-macos-x86_64 0.2-6 31.00 NOTE
r-release-windows-x86_64 0.2-6 4.00 47.00 51.00 OK
r-oldrel-macos-arm64 0.2-6 21.00 OK
r-oldrel-macos-x86_64 0.2-6 32.00 OK
r-oldrel-windows-x86_64 0.2-6 3.00 51.00 54.00 OK

Check Details

Version: 0.2-6
Check: DESCRIPTION meta-information
Result: NOTE License stub is invalid DCF. Flavors: r-devel-linux-x86_64-debian-clang, r-devel-linux-x86_64-debian-gcc, r-patched-linux-x86_64, r-release-linux-x86_64, r-release-macos-arm64, r-release-macos-x86_64

Version: 0.2-6
Check: DESCRIPTION meta-information
Result: NOTE Licence stub is invalid DCF. Flavors: r-devel-linux-x86_64-fedora-clang, r-devel-linux-x86_64-fedora-gcc