CRAN Package Check Results for Package samplr

Last updated on 2025-06-14 16:48:33 CEST.

Flavor Version Tinstall Tcheck Ttotal Status Flags
r-devel-linux-x86_64-debian-clang 1.1.0 169.62 121.80 291.42 OK
r-devel-linux-x86_64-debian-gcc 1.1.0 122.57 86.01 208.58 OK
r-devel-linux-x86_64-fedora-clang 1.1.0 537.20 OK
r-devel-linux-x86_64-fedora-gcc 1.1.0 534.23 OK
r-devel-windows-x86_64 1.1.0 196.00 162.00 358.00 OK
r-patched-linux-x86_64 1.1.0 180.61 112.34 292.95 OK
r-release-linux-x86_64 1.1.0 176.76 113.31 290.07 OK
r-release-macos-arm64 1.1.0 130.00 OK
r-release-macos-x86_64 1.1.0 176.00 OK
r-release-windows-x86_64 1.1.0 193.00 166.00 359.00 OK
r-oldrel-macos-arm64 1.1.0 117.00 NOTE
r-oldrel-macos-x86_64 1.1.0 179.00 NOTE
r-oldrel-windows-x86_64 1.1.0 227.00 206.00 433.00 OK

Check Details

Version: 1.1.0
Check: installed package size
Result: NOTE installed size is 15.0Mb sub-directories of 1Mb or more: libs 13.8Mb Flavors: r-oldrel-macos-arm64, r-oldrel-macos-x86_64