CRAN Package Check Results for Package rzentra

Last updated on 2024-07-19 17:54:40 CEST.

Flavor Version Tinstall Tcheck Ttotal Status Flags
r-devel-linux-x86_64-debian-clang 0.1.0 7.69 55.84 63.53 NOTE
r-devel-linux-x86_64-debian-gcc 0.1.0 5.40 42.17 47.57 NOTE
r-devel-linux-x86_64-fedora-clang 0.1.0 80.05 NOTE
r-devel-linux-x86_64-fedora-gcc 0.1.0 78.17 NOTE
r-devel-windows-x86_64 0.1.0 9.00 66.00 75.00 NOTE
r-patched-linux-x86_64 0.1.0 5.60 54.12 59.72 NOTE
r-release-linux-x86_64 0.1.0 6.66 53.02 59.68 NOTE
r-release-macos-arm64 0.1.0 29.00 NOTE
r-release-macos-x86_64 0.1.0 40.00 NOTE
r-release-windows-x86_64 0.1.0 7.00 64.00 71.00 NOTE
r-oldrel-macos-arm64 0.1.0 30.00 NOTE
r-oldrel-macos-x86_64 0.1.0 41.00 NOTE
r-oldrel-windows-x86_64 0.1.0 9.00 75.00 84.00 NOTE

Check Details

Version: 0.1.0
Check: LazyData
Result: NOTE 'LazyData' is specified without a 'data' directory Flavors: r-devel-linux-x86_64-debian-clang, r-devel-linux-x86_64-debian-gcc, r-devel-linux-x86_64-fedora-clang, r-devel-linux-x86_64-fedora-gcc, r-devel-windows-x86_64, r-patched-linux-x86_64, r-release-linux-x86_64, r-release-macos-arm64, r-release-macos-x86_64, r-release-windows-x86_64, r-oldrel-macos-arm64, r-oldrel-macos-x86_64, r-oldrel-windows-x86_64