CRAN Package Check Results for Package runjags

Last updated on 2024-06-14 05:00:34 CEST.

Flavor Version Tinstall Tcheck Ttotal Status Flags
r-devel-linux-x86_64-debian-clang 2.2.2-4 37.03 263.70 300.73 OK
r-devel-linux-x86_64-debian-gcc 2.2.2-4 28.71 187.10 215.81 ERROR
r-devel-linux-x86_64-fedora-clang 2.2.2-4 399.58 OK
r-devel-linux-x86_64-fedora-gcc 2.2.2-4 444.09 OK
r-devel-windows-x86_64 2.2.2-4 41.00 88.00 129.00 OK --no-examples --no-tests --no-vignettes
r-patched-linux-x86_64 2.2.2-4 30.81 253.47 284.28 OK
r-release-linux-x86_64 2.2.2-4 36.83 259.32 296.15 OK
r-release-macos-arm64 2.2.2-4 209.00 OK
r-release-macos-x86_64 2.2.2-4 463.00 OK
r-release-windows-x86_64 2.2.2-4 41.00 92.00 133.00 OK --no-examples --no-tests --no-vignettes
r-oldrel-macos-arm64 2.2.2-4 216.00 OK
r-oldrel-macos-x86_64 2.2.2-4 483.00 OK
r-oldrel-windows-x86_64 2.2.2-4 52.00 91.00 143.00 OK --no-examples --no-tests --no-vignettes

Check Details

Version: 2.2.2-4
Check: package dependencies
Result: NOTE Package suggested but not available for checking: ‘testthat’ Flavor: r-devel-linux-x86_64-debian-gcc

Version: 2.2.2-4
Check: tests
Result: ERROR Running ‘check_huiwalter.R’ [42s/62s] Running ‘checkinputs.R’ [13s/22s] Running ‘checkmethods.R’ [10s/34s] Running ‘checkmodule.R’ [6s/10s] Running ‘checkstudy.R’ [5s/19s] Running ‘spelling.R’ [0s/1s] Running ‘testthat.R’ [0s/1s] Running the tests in ‘tests/testthat.R’ failed. Complete output: > library(testthat) Error in library(testthat) : there is no package called 'testthat' Execution halted Flavor: r-devel-linux-x86_64-debian-gcc