CRAN Package Check Results for Package rsvg

Last updated on 2024-06-13 16:49:24 CEST.

Flavor Version Tinstall Tcheck Ttotal Status Flags
r-devel-linux-x86_64-debian-clang 2.6.0 3.67 34.42 38.09 OK
r-devel-linux-x86_64-debian-gcc 2.6.0 2.68 21.65 24.33 ERROR
r-devel-linux-x86_64-fedora-clang 2.6.0 52.94 OK
r-devel-linux-x86_64-fedora-gcc 2.6.0 62.55 OK
r-devel-windows-x86_64 2.6.0 26.00 232.00 258.00 NOTE
r-patched-linux-x86_64 2.6.0 3.93 33.22 37.15 OK
r-release-linux-x86_64 2.6.0 3.37 34.21 37.58 OK
r-release-macos-arm64 2.6.0 38.00 NOTE
r-release-macos-x86_64 2.6.0 52.00 NOTE
r-release-windows-x86_64 2.6.0 27.00 260.00 287.00 NOTE
r-oldrel-macos-arm64 2.6.0 43.00 NOTE
r-oldrel-macos-x86_64 2.6.0 92.00 NOTE
r-oldrel-windows-x86_64 2.6.0 30.00 280.00 310.00 NOTE

Check Details

Version: 2.6.0
Check: package dependencies
Result: NOTE Packages suggested but not available for checking: 'ggplot2', 'magick', 'testthat' Flavor: r-devel-linux-x86_64-debian-gcc

Version: 2.6.0
Check: examples
Result: ERROR Running examples in ‘rsvg-Ex.R’ failed The error most likely occurred in: > base::assign(".ptime", proc.time(), pos = "CheckExEnv") > ### Name: rsvg > ### Title: Render SVG into Bitmap > ### Aliases: rsvg rsvg_raw rsvg_nativeraster rsvg_webp rsvg_png rsvg_pdf > ### rsvg_svg rsvg_ps rsvg_eps > > ### ** Examples > > # create some svg > options(example.ask=FALSE) > tmp <- tempfile() > svglite::svglite(tmp, width = 10, height = 7) > ggplot2::qplot(mpg, wt, data = mtcars, colour = factor(cyl)) Error in loadNamespace(x) : there is no package called ‘ggplot2’ Calls: loadNamespace -> withRestarts -> withOneRestart -> doWithOneRestart Execution halted Flavor: r-devel-linux-x86_64-debian-gcc

Version: 2.6.0
Check: tests
Result: ERROR Running ‘engine.R’ [0s/1s] Comparing ‘engine.Rout’ to ‘engine.Rout.save’ ...4d3 < Linking to librsvg 2.58.0 Running ‘spelling.R’ [0s/1s] Running ‘testthat.R’ [0s/1s] Running the tests in ‘tests/testthat.R’ failed. Complete output: > # This file is part of the standard setup for testthat. > # It is recommended that you do not modify it. > # > # Where should you do additional test configuration? > # Learn more about the roles of various files in: > # * https://r-pkgs.org/testing-design.html#sec-tests-files-overview > # * https://testthat.r-lib.org/articles/special-files.html > > library(testthat) Error in library(testthat) : there is no package called 'testthat' Execution halted Flavor: r-devel-linux-x86_64-debian-gcc

Version: 2.6.0
Check: re-building of vignette outputs
Result: ERROR Error(s) in re-building vignettes: ... --- re-building ‘svg-css.Rmd’ using rmarkdown Quitting from lines 91-92 [unnamed-chunk-8] (svg-css.Rmd) Error: processing vignette 'svg-css.Rmd' failed with diagnostics: there is no package called 'magick' --- failed re-building ‘svg-css.Rmd’ SUMMARY: processing the following file failed: ‘svg-css.Rmd’ Error: Vignette re-building failed. Execution halted Flavor: r-devel-linux-x86_64-debian-gcc

Version: 2.6.0
Check: installed package size
Result: NOTE installed size is 19.1Mb sub-directories of 1Mb or more: libs 18.7Mb Flavors: r-devel-windows-x86_64, r-release-macos-arm64, r-release-macos-x86_64, r-release-windows-x86_64, r-oldrel-macos-arm64, r-oldrel-macos-x86_64, r-oldrel-windows-x86_64