CRAN Package Check Results for Package rr2

Last updated on 2024-06-13 16:49:24 CEST.

Flavor Version Tinstall Tcheck Ttotal Status Flags
r-devel-linux-x86_64-debian-clang 1.1.1 14.72 121.07 135.79 NOTE
r-devel-linux-x86_64-debian-gcc 1.1.1 0.31 1.58 1.89 ERROR
r-devel-linux-x86_64-fedora-clang 1.1.1 440.81 NOTE
r-devel-linux-x86_64-fedora-gcc 1.1.1 446.82 NOTE
r-devel-windows-x86_64 1.1.1 46.00 417.00 463.00 NOTE
r-patched-linux-x86_64 1.1.1 12.75 116.00 128.75 NOTE
r-release-linux-x86_64 1.1.1 13.29 114.93 128.22 NOTE
r-release-macos-arm64 1.1.1 51.00 NOTE
r-release-macos-x86_64 1.1.1 68.00 NOTE
r-release-windows-x86_64 1.1.1 47.00 417.00 464.00 NOTE
r-oldrel-macos-arm64 1.1.1 61.00 OK
r-oldrel-macos-x86_64 1.1.1 101.00 OK
r-oldrel-windows-x86_64 1.1.1 16.00 120.00 136.00 OK

Check Details

Version: 1.1.1
Check: Rd files
Result: NOTE checkRd: (-1) R2_lik.Rd:37: Lost braces; missing escapes or markup? 37 | \code{R2_lik()} is also computed for LMMs and GLMMs in the {MuMIn} package. | ^ checkRd: (-1) R2_pred.Rd:32: Lost braces; missing escapes or markup? 32 | Note that the version of \code{binaryPGLMM()} in the package ape is replaced by a version contained within {rr2} that outputs all of the required information for the calculation of R2_resid. | ^ checkRd: (-1) R2_resid.Rd:69: Lost braces; missing escapes or markup? 69 | Note that the version of \code{binaryPGLMM()} in the package ape is replaced by a version contained within {rr2} that outputs all of the required information for the calculation of \code{R2_resid()} | ^ Flavors: r-devel-linux-x86_64-debian-clang, r-devel-linux-x86_64-fedora-clang, r-devel-linux-x86_64-fedora-gcc, r-devel-windows-x86_64, r-patched-linux-x86_64, r-release-linux-x86_64, r-release-macos-arm64, r-release-macos-x86_64, r-release-windows-x86_64

Version: 1.1.1
Check: package dependencies
Result: ERROR Packages required but not available: 'lme4', 'phyr' Package suggested but not available for checking: ‘testthat’ See section ‘The DESCRIPTION file’ in the ‘Writing R Extensions’ manual. Flavor: r-devel-linux-x86_64-debian-gcc