CRAN Package Check Results for Package roxyglobals

Last updated on 2024-06-22 17:57:41 CEST.

Flavor Version Tinstall Tcheck Ttotal Status Flags
r-devel-linux-x86_64-debian-clang 1.0.0 4.66 41.80 46.46 OK
r-devel-linux-x86_64-debian-gcc 1.0.0 3.57 31.42 34.99 OK
r-devel-linux-x86_64-fedora-clang 1.0.0 56.88 NOTE
r-devel-linux-x86_64-fedora-gcc 1.0.0 53.49 OK
r-devel-windows-x86_64 1.0.0 5.00 51.00 56.00 OK
r-patched-linux-x86_64 1.0.0 3.94 40.11 44.05 OK
r-release-linux-x86_64 1.0.0 4.46 38.56 43.02 OK
r-release-macos-arm64 1.0.0 19.00 OK
r-release-macos-x86_64 1.0.0 29.00 OK
r-release-windows-x86_64 1.0.0 6.00 52.00 58.00 OK
r-oldrel-macos-arm64 1.0.0 23.00 OK
r-oldrel-macos-x86_64 1.0.0 42.00 OK
r-oldrel-windows-x86_64 1.0.0 6.00 57.00 63.00 OK

Check Details

Version: 1.0.0
Check: Rd cross-references
Result: NOTE Undeclared package ‘devtools’ in Rd xrefs Flavor: r-devel-linux-x86_64-fedora-clang