CRAN Package Check Results for Package rosetta

Last updated on 2024-06-13 04:52:38 CEST.

Flavor Version Tinstall Tcheck Ttotal Status Flags
r-devel-linux-x86_64-debian-clang 0.3.12 15.87 119.39 135.26 OK
r-devel-linux-x86_64-debian-gcc 0.3.12 0.75 1.77 2.52 ERROR
r-devel-linux-x86_64-fedora-clang 0.3.12 167.13 OK
r-devel-linux-x86_64-fedora-gcc 0.3.12 157.22 OK
r-devel-windows-x86_64 0.3.12 15.00 106.00 121.00 OK
r-patched-linux-x86_64 0.3.12 23.56 113.93 137.49 OK
r-release-linux-x86_64 0.3.12 14.08 113.69 127.77 OK
r-release-macos-arm64 0.3.12 48.00 OK
r-release-macos-x86_64 0.3.12 98.00 OK
r-release-windows-x86_64 0.3.12 15.00 107.00 122.00 OK
r-oldrel-macos-arm64 0.3.12 48.00 OK
r-oldrel-macos-x86_64 0.3.12 73.00 NOTE
r-oldrel-windows-x86_64 0.3.12 19.00 136.00 155.00 OK

Check Details

Version: 0.3.12
Check: package dependencies
Result: ERROR Packages required but not available: 'car', 'ggplot2', 'ggrepel', 'lme4', 'ufs', 'lmerTest', 'kableExtra' Packages suggested but not available for checking: 'downlit', 'GGally', 'MBESS', 'pkgdown', 'rio', 'testthat' See section ‘The DESCRIPTION file’ in the ‘Writing R Extensions’ manual. Flavor: r-devel-linux-x86_64-debian-gcc

Version: 0.3.12
Check: package dependencies
Result: NOTE Package suggested but not available for checking: ‘MBESS’ Flavor: r-oldrel-macos-x86_64