CRAN Package Check Results for Package robustBLME

Last updated on 2025-04-30 17:01:02 CEST.

Flavor Version Tinstall Tcheck Ttotal Status Flags
r-devel-linux-x86_64-debian-clang 0.1.3 52.28 69.80 122.08 NOTE
r-devel-linux-x86_64-debian-gcc 0.1.3 35.97 51.29 87.26 NOTE
r-devel-linux-x86_64-fedora-clang 0.1.3 204.42 OK
r-devel-linux-x86_64-fedora-gcc 0.1.3 194.52 OK
r-devel-windows-x86_64 0.1.3 61.00 93.00 154.00 OK
r-patched-linux-x86_64 0.1.3 50.51 66.39 116.90 OK
r-release-linux-x86_64 0.1.3 50.37 65.96 116.33 OK
r-release-macos-arm64 0.1.3 58.00 OK
r-release-macos-x86_64 0.1.3 116.00 OK
r-release-windows-x86_64 0.1.3 62.00 96.00 158.00 OK
r-oldrel-macos-arm64 0.1.3 55.00 OK
r-oldrel-macos-x86_64 0.1.3 67.00 OK
r-oldrel-windows-x86_64 0.1.3 68.00 120.00 188.00 OK

Check Details

Version: 0.1.3
Check: CRAN incoming feasibility
Result: NOTE Maintainer: ‘Erlis Ruli <erlisr@yahoo.it>’ Package CITATION file contains call(s) to old-style personList() or as.personList(). Please use c() on person objects instead. Package CITATION file contains call(s) to old-style citEntry(). Please use bibentry() instead. The Description field contains by Ruli et al. (2017) <arXiv:1706.01752>. Please refer to arXiv e-prints via their arXiv DOI <doi:10.48550/arXiv.YYMM.NNNNN>. Flavors: r-devel-linux-x86_64-debian-clang, r-devel-linux-x86_64-debian-gcc