CRAN Package Check Results for Package robis

Last updated on 2024-07-14 16:52:42 CEST.

Flavor Version Tinstall Tcheck Ttotal Status Flags
r-devel-linux-x86_64-debian-clang 2.11.3 11.74 93.62 105.36 OK
r-devel-linux-x86_64-debian-gcc 2.11.3 8.53 71.19 79.72 OK
r-devel-linux-x86_64-fedora-clang 2.11.3 135.61 NOTE
r-devel-linux-x86_64-fedora-gcc 2.11.3 135.16 NOTE
r-devel-windows-x86_64 2.11.3 11.00 101.00 112.00 OK
r-patched-linux-x86_64 2.11.3 9.01 90.72 99.73 OK
r-release-linux-x86_64 2.11.3 6.10 90.10 96.20 OK
r-release-macos-arm64 2.11.3 62.00 OK
r-release-macos-x86_64 2.11.3 134.00 OK
r-release-windows-x86_64 2.11.3 12.00 98.00 110.00 OK
r-oldrel-macos-arm64 2.11.3 59.00 OK
r-oldrel-macos-x86_64 2.11.3 81.00 OK
r-oldrel-windows-x86_64 2.11.3 13.00 110.00 123.00 OK

Check Details

Version: 2.11.3
Check: dependencies in R code
Result: NOTE Namespace in Imports field not imported from: ‘memoise’ All declared Imports should be used. Flavors: r-devel-linux-x86_64-fedora-clang, r-devel-linux-x86_64-fedora-gcc