CRAN Package Check Results for Package rmdpartials

Last updated on 2024-07-15 04:48:45 CEST.

Flavor Version Tinstall Tcheck Ttotal Status Flags
r-devel-linux-x86_64-debian-clang 0.5.8 2.50 39.26 41.76 NOTE
r-devel-linux-x86_64-debian-gcc 0.5.8 1.90 30.10 32.00 NOTE
r-devel-linux-x86_64-fedora-clang 0.5.8 56.40 NOTE
r-devel-linux-x86_64-fedora-gcc 0.5.8 63.98 NOTE
r-devel-windows-x86_64 0.5.8 3.00 50.00 53.00 NOTE
r-patched-linux-x86_64 0.5.8 2.60 37.25 39.85 NOTE
r-release-linux-x86_64 0.5.8 1.66 37.89 39.55 NOTE
r-release-macos-arm64 0.5.8 24.00 NOTE
r-release-macos-x86_64 0.5.8 39.00 NOTE
r-release-windows-x86_64 0.5.8 3.00 51.00 54.00 NOTE
r-oldrel-macos-arm64 0.5.8 30.00 NOTE
r-oldrel-macos-x86_64 0.5.8 34.00 NOTE
r-oldrel-windows-x86_64 0.5.8 3.00 50.00 53.00 NOTE

Check Details

Version: 0.5.8
Check: package subdirectories
Result: NOTE Problems with news in ‘NEWS.md’: No news entries found. Flavors: r-devel-linux-x86_64-debian-clang, r-devel-linux-x86_64-debian-gcc, r-devel-linux-x86_64-fedora-clang, r-devel-linux-x86_64-fedora-gcc, r-devel-windows-x86_64, r-patched-linux-x86_64, r-release-linux-x86_64, r-release-macos-arm64, r-release-macos-x86_64, r-release-windows-x86_64, r-oldrel-macos-arm64, r-oldrel-macos-x86_64, r-oldrel-windows-x86_64

Version: 0.5.8
Check: LazyData
Result: NOTE 'LazyData' is specified without a 'data' directory Flavors: r-devel-linux-x86_64-debian-clang, r-devel-linux-x86_64-debian-gcc, r-devel-linux-x86_64-fedora-clang, r-devel-linux-x86_64-fedora-gcc, r-devel-windows-x86_64, r-patched-linux-x86_64, r-release-linux-x86_64, r-release-macos-arm64, r-release-macos-x86_64, r-release-windows-x86_64, r-oldrel-macos-arm64, r-oldrel-macos-x86_64, r-oldrel-windows-x86_64