CRAN Package Check Results for Package rmarchingcubes

Last updated on 2024-07-17 16:52:27 CEST.

Flavor Version Tinstall Tcheck Ttotal Status Flags
r-devel-linux-x86_64-debian-clang 0.1.3 40.73 53.70 94.43 NOTE
r-devel-linux-x86_64-debian-gcc 0.1.3 28.65 39.76 68.41 NOTE
r-devel-linux-x86_64-fedora-clang 0.1.3 141.75 NOTE
r-devel-linux-x86_64-fedora-gcc 0.1.3 144.53 NOTE
r-devel-windows-x86_64 0.1.3 38.00 77.00 115.00 NOTE
r-patched-linux-x86_64 0.1.3 34.84 50.69 85.53 NOTE
r-release-linux-x86_64 0.1.3 40.48 52.65 93.13 NOTE
r-release-macos-arm64 0.1.3 39.00 NOTE
r-release-macos-x86_64 0.1.3 51.00 NOTE
r-release-windows-x86_64 0.1.3 36.00 79.00 115.00 NOTE
r-oldrel-macos-arm64 0.1.3 38.00 NOTE
r-oldrel-macos-x86_64 0.1.3 60.00 NOTE
r-oldrel-windows-x86_64 0.1.3 44.00 87.00 131.00 NOTE

Check Details

Version: 0.1.3
Check: C++ specification
Result: NOTE Specified C++11: please drop specification unless essential Flavors: r-devel-linux-x86_64-debian-clang, r-devel-linux-x86_64-debian-gcc, r-devel-linux-x86_64-fedora-clang, r-devel-linux-x86_64-fedora-gcc, r-devel-windows-x86_64, r-patched-linux-x86_64, r-release-linux-x86_64, r-release-macos-arm64, r-release-macos-x86_64, r-release-windows-x86_64, r-oldrel-macos-arm64, r-oldrel-macos-x86_64, r-oldrel-windows-x86_64