Last updated on 2025-01-19 04:49:05 CET.
Flavor | Version | Tinstall | Tcheck | Ttotal | Status | Flags |
---|---|---|---|---|---|---|
r-devel-linux-x86_64-debian-clang | 0.7.0 | 13.67 | 29.46 | 43.13 | NOTE | |
r-devel-linux-x86_64-debian-gcc | 0.7.0 | 9.39 | 23.40 | 32.79 | NOTE | |
r-devel-linux-x86_64-fedora-clang | 0.7.0 | 125.68 | NOTE | |||
r-devel-linux-x86_64-fedora-gcc | 0.7.0 | 122.34 | OK | |||
r-devel-windows-x86_64 | 0.7.0 | 17.00 | 68.00 | 85.00 | OK | |
r-patched-linux-x86_64 | 0.7.0 | 13.94 | 28.03 | 41.97 | NOTE | |
r-release-linux-x86_64 | 0.7.0 | 13.64 | 27.66 | 41.30 | NOTE | |
r-release-macos-arm64 | 0.7.0 | 25.00 | OK | |||
r-release-macos-x86_64 | 0.7.0 | 41.00 | OK | |||
r-release-windows-x86_64 | 0.7.0 | 17.00 | 65.00 | 82.00 | OK | |
r-oldrel-macos-arm64 | 0.7.0 | 32.00 | OK | |||
r-oldrel-macos-x86_64 | 0.7.0 | 55.00 | OK | |||
r-oldrel-windows-x86_64 | 0.7.0 | 20.00 | 76.00 | 96.00 | OK |
Version: 0.7.0
Check: R code for possible problems
Result: NOTE
Found the following assignments to the global environment:
File ‘rim/R/engine.R’:
assign(varname, output.data, envir = knitr::knit_global())
Flavors: r-devel-linux-x86_64-debian-clang, r-devel-linux-x86_64-debian-gcc, r-devel-linux-x86_64-fedora-clang, r-patched-linux-x86_64, r-release-linux-x86_64