CRAN Package Check Results for Package rewie

Last updated on 2024-06-16 04:51:49 CEST.

Flavor Version Tinstall Tcheck Ttotal Status Flags
r-devel-linux-x86_64-debian-clang 0.1.0 2.36 29.91 32.27 NOTE
r-devel-linux-x86_64-debian-gcc 0.1.0 1.92 22.76 24.68 NOTE
r-devel-linux-x86_64-fedora-clang 0.1.0 40.01 NOTE
r-devel-linux-x86_64-fedora-gcc 0.1.0 38.83 NOTE
r-devel-windows-x86_64 0.1.0 4.00 45.00 49.00 NOTE
r-patched-linux-x86_64 0.1.0 2.39 29.25 31.64 NOTE
r-release-linux-x86_64 0.1.0 2.23 28.68 30.91 NOTE
r-release-macos-arm64 0.1.0 18.00 NOTE
r-release-macos-x86_64 0.1.0 25.00 NOTE
r-release-windows-x86_64 0.1.0 4.00 45.00 49.00 NOTE
r-oldrel-macos-arm64 0.1.0 18.00 NOTE
r-oldrel-macos-x86_64 0.1.0 30.00 NOTE
r-oldrel-windows-x86_64 0.1.0 4.00 49.00 53.00 NOTE

Check Details

Version: 0.1.0
Check: LazyData
Result: NOTE 'LazyData' is specified without a 'data' directory Flavors: r-devel-linux-x86_64-debian-clang, r-devel-linux-x86_64-debian-gcc, r-devel-linux-x86_64-fedora-clang, r-devel-linux-x86_64-fedora-gcc, r-devel-windows-x86_64, r-patched-linux-x86_64, r-release-linux-x86_64, r-release-macos-arm64, r-release-macos-x86_64, r-release-windows-x86_64, r-oldrel-macos-arm64, r-oldrel-macos-x86_64, r-oldrel-windows-x86_64

Version: 0.1.0
Check: dependencies in R code
Result: NOTE Namespace in Imports field not imported from: ‘MASS’ All declared Imports should be used. Flavors: r-devel-linux-x86_64-fedora-clang, r-devel-linux-x86_64-fedora-gcc

Version: 0.1.0
Check: Rd cross-references
Result: NOTE Undeclared package ‘btergm’ in Rd xrefs Flavor: r-devel-linux-x86_64-fedora-clang

Version: 0.1.0
Check: Rd cross-references
Result: NOTE Unknown package ‘btergm’ in Rd xrefs Flavor: r-oldrel-macos-x86_64