CRAN Package Check Results for Package regtools

Last updated on 2024-06-17 16:58:50 CEST.

Flavor Version Tinstall Tcheck Ttotal Status Flags
r-devel-linux-x86_64-debian-clang 1.7.0 14.12 133.35 147.47 OK
r-devel-linux-x86_64-debian-gcc 1.7.0 12.09 101.16 113.25 OK
r-devel-linux-x86_64-fedora-clang 1.7.0 193.72 NOTE
r-devel-linux-x86_64-fedora-gcc 1.7.0 191.82 OK
r-devel-windows-x86_64 1.7.0 14.00 118.00 132.00 OK
r-patched-linux-x86_64 1.7.0 15.01 130.96 145.97 OK
r-release-linux-x86_64 1.7.0 14.49 129.01 143.50 OK
r-release-macos-arm64 1.7.0 59.00 OK
r-release-macos-x86_64 1.7.0 89.00 OK
r-release-windows-x86_64 1.7.0 14.00 119.00 133.00 OK
r-oldrel-macos-arm64 1.7.0 60.00 OK
r-oldrel-macos-x86_64 1.7.0 101.00 NOTE
r-oldrel-windows-x86_64 1.7.0 18.00 145.00 163.00 OK

Check Details

Version: 1.7.0
Check: whether startup messages can be suppressed
Result: NOTE OMP: Warning #96: Cannot form a team with 24 threads, using 2 instead. OMP: Hint Consider unsetting KMP_DEVICE_THREAD_LIMIT (KMP_ALL_THREADS), KMP_TEAMS_THREAD_LIMIT, and OMP_THREAD_LIMIT (if any are set). It looks like this package (or a package it requires) has a startup message which cannot be suppressed: see ?packageStartupMessage. Flavor: r-devel-linux-x86_64-fedora-clang

Version: 1.7.0
Check: package dependencies
Result: NOTE Packages suggested but not available for checking: 'cdparcoord', 'partools' Flavor: r-oldrel-macos-x86_64