CRAN Package Check Results for Package recogito

Last updated on 2025-04-30 17:01:01 CEST.

Flavor Version Tinstall Tcheck Ttotal Status Flags
r-devel-linux-x86_64-debian-clang 0.2.1 4.02 32.36 36.38 OK
r-devel-linux-x86_64-debian-gcc 0.2.1 2.73 24.58 27.31 OK
r-devel-linux-x86_64-fedora-clang 0.2.1 49.07 OK
r-devel-linux-x86_64-fedora-gcc 0.2.1 52.55 OK
r-devel-windows-x86_64 0.2.1 7.00 55.00 62.00 OK
r-patched-linux-x86_64 0.2.1 3.91 28.98 32.89 OK
r-release-linux-x86_64 0.2.1 3.85 28.63 32.48 OK
r-release-macos-arm64 0.2.1 21.00 OK
r-release-macos-x86_64 0.2.1 33.00 OK
r-release-windows-x86_64 0.2.1 8.00 52.00 60.00 OK
r-oldrel-macos-arm64 0.2.1 22.00 NOTE
r-oldrel-macos-x86_64 0.2.1 30.00 NOTE
r-oldrel-windows-x86_64 0.2.1 8.00 56.00 64.00 NOTE

Check Details

Version: 0.2.1
Check: installed package size
Result: NOTE installed size is 10.3Mb sub-directories of 1Mb or more: htmlwidgets 9.8Mb Flavors: r-oldrel-macos-arm64, r-oldrel-macos-x86_64, r-oldrel-windows-x86_64