CRAN Package Check Results for Package rcbalance

Last updated on 2024-06-13 16:49:22 CEST.

Flavor Version Tinstall Tcheck Ttotal Status Flags
r-devel-linux-x86_64-debian-clang 1.8.8 2.98 39.05 42.03 NOTE
r-devel-linux-x86_64-debian-gcc 1.8.8 2.84 27.32 30.16 ERROR
r-devel-linux-x86_64-fedora-clang 1.8.8 54.55 NOTE
r-devel-linux-x86_64-fedora-gcc 1.8.8 51.57 NOTE
r-devel-windows-x86_64 1.8.8 4.00 53.00 57.00 NOTE
r-patched-linux-x86_64 1.8.8 4.04 37.73 41.77 NOTE
r-release-linux-x86_64 1.8.8 4.04 36.89 40.93 NOTE
r-release-macos-arm64 1.8.8 21.00 NOTE
r-release-macos-x86_64 1.8.8 31.00 NOTE
r-release-windows-x86_64 1.8.8 4.00 54.00 58.00 NOTE
r-oldrel-macos-arm64 1.8.8 21.00 NOTE
r-oldrel-macos-x86_64 1.8.8 29.00 NOTE
r-oldrel-windows-x86_64 1.8.8 5.00 56.00 61.00 NOTE

Check Details

Version: 1.8.8
Check: package dependencies
Result: NOTE Package suggested but not available for checking: ‘rrelaxiv’ Flavors: r-devel-linux-x86_64-debian-clang, r-devel-linux-x86_64-fedora-clang, r-devel-linux-x86_64-fedora-gcc, r-devel-windows-x86_64, r-patched-linux-x86_64, r-release-linux-x86_64, r-release-macos-arm64, r-release-macos-x86_64, r-release-windows-x86_64, r-oldrel-macos-arm64, r-oldrel-macos-x86_64, r-oldrel-windows-x86_64

Version: 1.8.8
Check: package dependencies
Result: NOTE Packages suggested but not available for checking: 'optmatch', 'testthat', 'rrelaxiv' Flavor: r-devel-linux-x86_64-debian-gcc

Version: 1.8.8
Check: tests
Result: ERROR Running ‘testthat.R’ [0s/1s] Running the tests in ‘tests/testthat.R’ failed. Complete output: > library(testthat) Error in library(testthat) : there is no package called 'testthat' Execution halted Flavor: r-devel-linux-x86_64-debian-gcc