CRAN Package Check Results for Package rbi.helpers

Last updated on 2024-07-22 16:57:23 CEST.

Flavor Version Tinstall Tcheck Ttotal Status Flags
r-devel-linux-x86_64-debian-clang 0.4.0 12.74 101.68 114.42 OK
r-devel-linux-x86_64-debian-gcc 0.4.0 8.92 77.02 85.94 NOTE
r-devel-linux-x86_64-fedora-clang 0.4.0 143.31 OK
r-devel-linux-x86_64-fedora-gcc 0.4.0 146.52 OK
r-devel-windows-x86_64 0.4.0 11.00 94.00 105.00 NOTE
r-patched-linux-x86_64 0.4.0 17.08 98.03 115.11 OK
r-release-linux-x86_64 0.4.0 11.99 97.43 109.42 OK
r-release-macos-arm64 0.4.0 46.00 OK
r-release-macos-x86_64 0.4.0 74.00 OK
r-release-windows-x86_64 0.4.0 10.00 87.00 97.00 OK
r-oldrel-macos-arm64 0.4.0 45.00 OK
r-oldrel-macos-x86_64 0.4.0 101.00 OK
r-oldrel-windows-x86_64 0.4.0 12.00 102.00 114.00 OK

Check Details

Version: 0.4.0
Check: Rd cross-references
Result: NOTE Found the following Rd file(s) with Rd \link{} targets missing package anchors: acceptance_rate.Rd: libbi, get_traces adapt_particles.Rd: libbi adapt_proposal.Rd: libbi get_mvn_params.Rd: libbi numeric_to_time.Rd: libbi update_proposal.Rd: bi_model Please provide package anchors for all Rd \link{} targets not in the package itself and the base packages. Flavors: r-devel-linux-x86_64-debian-gcc, r-devel-windows-x86_64