CRAN Package Check Results for Package raster

Last updated on 2025-01-19 04:49:04 CET.

Flavor Version Tinstall Tcheck Ttotal Status Flags
r-devel-linux-x86_64-debian-clang 3.6-30 176.37 416.04 592.41 OK
r-devel-linux-x86_64-debian-gcc 3.6-31 119.88 248.62 368.50 OK
r-devel-linux-x86_64-fedora-clang 3.6-31 713.36 OK
r-devel-linux-x86_64-fedora-gcc 3.6-31 683.41 OK
r-devel-windows-x86_64 3.6-31 117.00 378.00 495.00 OK
r-patched-linux-x86_64 3.6-31 166.94 389.28 556.22 OK
r-release-linux-x86_64 3.6-30 166.63 387.41 554.04 OK
r-release-macos-arm64 3.6-31 198.00 NOTE
r-release-macos-x86_64 3.6-30 390.00 NOTE
r-release-windows-x86_64 3.6-30 174.00 409.00 583.00 NOTE
r-oldrel-macos-arm64 3.6-31 191.00 NOTE
r-oldrel-macos-x86_64 3.6-30 331.00 NOTE
r-oldrel-windows-x86_64 3.6-31 168.00 422.00 590.00 NOTE

Check Details

Version: 3.6-31
Check: installed package size
Result: NOTE installed size is 13.0Mb sub-directories of 1Mb or more: R 4.1Mb libs 7.8Mb Flavors: r-release-macos-arm64, r-oldrel-macos-arm64, r-oldrel-windows-x86_64

Version: 3.6-30
Check: installed package size
Result: NOTE installed size is 12.3Mb sub-directories of 1Mb or more: R 4.0Mb libs 7.2Mb Flavors: r-release-macos-x86_64, r-release-windows-x86_64, r-oldrel-macos-x86_64