CRAN Package Check Results for Package randomizr

Last updated on 2024-07-18 04:50:23 CEST.

Flavor Version Tinstall Tcheck Ttotal Status Flags
r-devel-linux-x86_64-debian-clang 1.0.0 4.90 80.28 85.18 NOTE
r-devel-linux-x86_64-debian-gcc 1.0.0 4.33 57.41 61.74 NOTE
r-devel-linux-x86_64-fedora-clang 1.0.0 112.81 NOTE
r-devel-linux-x86_64-fedora-gcc 1.0.0 112.27 NOTE
r-devel-windows-x86_64 1.0.0 8.00 85.00 93.00 NOTE
r-patched-linux-x86_64 1.0.0 5.84 75.87 81.71 OK
r-release-linux-x86_64 1.0.0 5.24 74.38 79.62 OK
r-release-macos-arm64 1.0.0 36.00 OK
r-release-macos-x86_64 1.0.0 59.00 OK
r-release-windows-x86_64 1.0.0 8.00 85.00 93.00 OK
r-oldrel-macos-arm64 1.0.0 42.00 OK
r-oldrel-macos-x86_64 1.0.0 83.00 OK
r-oldrel-windows-x86_64 1.0.0 8.00 97.00 105.00 OK

Check Details

Version: 1.0.0
Check: compiled code
Result: NOTE File ‘randomizr/libs/randomizr.so’: Found non-API call to R: ‘SETLENGTH’ Compiled code should not call non-API entry points in R. See ‘Writing portable packages’ in the ‘Writing R Extensions’ manual, and section ‘Moving into C API compliance’ for issues with the use of non-API entry points. Flavors: r-devel-linux-x86_64-debian-clang, r-devel-linux-x86_64-debian-gcc, r-devel-linux-x86_64-fedora-clang, r-devel-linux-x86_64-fedora-gcc

Version: 1.0.0
Check: compiled code
Result: NOTE File 'randomizr/libs/x64/randomizr.dll': Found non-API call to R: 'SETLENGTH' Compiled code should not call non-API entry points in R. See 'Writing portable packages' in the 'Writing R Extensions' manual, and section 'Moving into C API compliance' for issues with the use of non-API entry points. Flavor: r-devel-windows-x86_64