CRAN Package Check Results for Package rando

Last updated on 2024-07-14 16:52:41 CEST.

Flavor Version Tinstall Tcheck Ttotal Status Flags
r-devel-linux-x86_64-debian-clang 0.2.0 5.77 75.42 81.19 NOTE
r-devel-linux-x86_64-debian-gcc 0.2.0 3.95 55.78 59.73 NOTE
r-devel-linux-x86_64-fedora-clang 0.2.0 97.79 NOTE
r-devel-linux-x86_64-fedora-gcc 0.2.0 91.97 NOTE
r-devel-windows-x86_64 0.2.0 6.00 81.00 87.00 NOTE
r-patched-linux-x86_64 0.2.0 6.09 71.13 77.22 NOTE
r-release-linux-x86_64 0.2.0 4.68 72.03 76.71 NOTE
r-release-macos-arm64 0.2.0 32.00 NOTE
r-release-macos-x86_64 0.2.0 52.00 NOTE
r-release-windows-x86_64 0.2.0 5.00 82.00 87.00 NOTE
r-oldrel-macos-arm64 0.2.0 34.00 NOTE
r-oldrel-macos-x86_64 0.2.0 50.00 NOTE
r-oldrel-windows-x86_64 0.2.0 7.00 94.00 101.00 NOTE

Check Details

Version: 0.2.0
Check: LazyData
Result: NOTE 'LazyData' is specified without a 'data' directory Flavors: r-devel-linux-x86_64-debian-clang, r-devel-linux-x86_64-debian-gcc, r-devel-linux-x86_64-fedora-clang, r-devel-linux-x86_64-fedora-gcc, r-devel-windows-x86_64, r-patched-linux-x86_64, r-release-linux-x86_64, r-release-macos-arm64, r-release-macos-x86_64, r-release-windows-x86_64, r-oldrel-macos-arm64, r-oldrel-macos-x86_64, r-oldrel-windows-x86_64