CRAN Package Check Results for Package rai

Last updated on 2024-07-20 16:49:12 CEST.

Flavor Version Tinstall Tcheck Ttotal Status Flags
r-devel-linux-x86_64-debian-clang 1.0.0 6.11 57.66 63.77 NOTE
r-devel-linux-x86_64-debian-gcc 1.0.0 4.83 42.89 47.72 NOTE
r-devel-linux-x86_64-fedora-clang 1.0.0 83.06 NOTE
r-devel-linux-x86_64-fedora-gcc 1.0.0 75.59 NOTE
r-devel-windows-x86_64 1.0.0 9.00 62.00 71.00 NOTE
r-patched-linux-x86_64 1.0.0 6.92 53.34 60.26 NOTE
r-release-linux-x86_64 1.0.0 3.98 54.46 58.44 NOTE
r-release-macos-arm64 1.0.0 27.00 NOTE
r-release-macos-x86_64 1.0.0 39.00 NOTE
r-release-windows-x86_64 1.0.0 8.00 61.00 69.00 NOTE
r-oldrel-macos-arm64 1.0.0 25.00 NOTE
r-oldrel-macos-x86_64 1.0.0 41.00 NOTE
r-oldrel-windows-x86_64 1.0.0 9.00 70.00 79.00 NOTE

Check Details

Version: 1.0.0
Check: LazyData
Result: NOTE 'LazyData' is specified without a 'data' directory Flavors: r-devel-linux-x86_64-debian-clang, r-devel-linux-x86_64-debian-gcc, r-devel-linux-x86_64-fedora-clang, r-devel-linux-x86_64-fedora-gcc, r-devel-windows-x86_64, r-patched-linux-x86_64, r-release-linux-x86_64, r-release-macos-arm64, r-release-macos-x86_64, r-release-windows-x86_64, r-oldrel-macos-arm64, r-oldrel-macos-x86_64, r-oldrel-windows-x86_64