Last updated on 2025-01-21 16:50:20 CET.
Flavor | Version | Tinstall | Tcheck | Ttotal | Status | Flags |
---|---|---|---|---|---|---|
r-devel-linux-x86_64-debian-clang | 1.3 | 17.90 | 224.83 | 242.73 | OK | |
r-devel-linux-x86_64-debian-gcc | 1.3 | 12.67 | 155.29 | 167.96 | OK | |
r-devel-linux-x86_64-fedora-clang | 1.3 | 381.40 | OK | |||
r-devel-linux-x86_64-fedora-gcc | 1.3 | 373.77 | OK | |||
r-devel-windows-x86_64 | 1.3 | 39.00 | 206.00 | 245.00 | OK | |
r-patched-linux-x86_64 | 1.3 | 15.78 | 205.38 | 221.16 | OK | |
r-release-linux-x86_64 | 1.3 | 15.95 | 206.14 | 222.09 | OK | |
r-release-macos-arm64 | 1.3 | 100.00 | NOTE | |||
r-release-macos-x86_64 | 1.3 | 154.00 | NOTE | |||
r-release-windows-x86_64 | 1.3 | 39.00 | 207.00 | 246.00 | NOTE | |
r-oldrel-macos-arm64 | 1.3 | 86.00 | NOTE | |||
r-oldrel-macos-x86_64 | 1.3 | 147.00 | NOTE | |||
r-oldrel-windows-x86_64 | 1.3 | 47.00 | 254.00 | 301.00 | NOTE |
Version: 1.3
Check: installed package size
Result: NOTE
installed size is 24.7Mb
sub-directories of 1Mb or more:
extdata 24.0Mb
Flavors: r-release-macos-arm64, r-release-macos-x86_64, r-release-windows-x86_64, r-oldrel-macos-arm64, r-oldrel-macos-x86_64, r-oldrel-windows-x86_64