CRAN Package Check Results for Package rKOMICS

Last updated on 2024-07-17 16:52:27 CEST.

Flavor Version Tinstall Tcheck Ttotal Status Flags
r-devel-linux-x86_64-debian-clang 1.3 20.40 278.06 298.46 OK
r-devel-linux-x86_64-debian-gcc 1.3 16.94 203.31 220.25 OK
r-devel-linux-x86_64-fedora-clang 1.3 379.60 NOTE
r-devel-linux-x86_64-fedora-gcc 1.3 364.26 OK
r-devel-windows-x86_64 1.3 39.00 204.00 243.00 NOTE
r-patched-linux-x86_64 1.3 16.09 265.66 281.75 OK
r-release-linux-x86_64 1.3 17.43 274.34 291.77 OK
r-release-macos-arm64 1.3 100.00 NOTE
r-release-macos-x86_64 1.3 154.00 NOTE
r-release-windows-x86_64 1.3 39.00 207.00 246.00 NOTE
r-oldrel-macos-arm64 1.3 86.00 NOTE
r-oldrel-macos-x86_64 1.3 147.00 NOTE
r-oldrel-windows-x86_64 1.3 47.00 252.00 299.00 NOTE

Check Details

Version: 1.3
Check: installed package size
Result: NOTE installed size is 24.8Mb sub-directories of 1Mb or more: extdata 24.0Mb Flavors: r-devel-linux-x86_64-fedora-clang, r-devel-windows-x86_64, r-release-macos-arm64, r-release-macos-x86_64, r-release-windows-x86_64, r-oldrel-macos-arm64, r-oldrel-macos-x86_64, r-oldrel-windows-x86_64