CRAN Package Check Results for Package rCMA

Last updated on 2024-07-19 04:56:47 CEST.

Flavor Version Tinstall Tcheck Ttotal Status Flags
r-devel-linux-x86_64-debian-clang 1.1.1 2.22 31.88 34.10 NOTE
r-devel-linux-x86_64-debian-gcc 1.1.1 1.73 23.58 25.31 NOTE
r-devel-linux-x86_64-fedora-clang 1.1.1 42.63 NOTE
r-devel-linux-x86_64-fedora-gcc 1.1.1 39.62 NOTE
r-devel-windows-x86_64 1.1.1 2.00 45.00 47.00 OK
r-patched-linux-x86_64 1.1.1 2.75 30.48 33.23 NOTE
r-release-linux-x86_64 1.1.1 2.40 30.03 32.43 NOTE
r-release-macos-arm64 1.1.1 17.00 OK
r-release-macos-x86_64 1.1.1 23.00 OK
r-release-windows-x86_64 1.1.1 4.00 46.00 50.00 OK
r-oldrel-macos-arm64 1.1.1 16.00 OK
r-oldrel-macos-x86_64 1.1.1 23.00 OK
r-oldrel-windows-x86_64 1.1.1 3.00 49.00 52.00 OK

Check Details

Version: 1.1.1
Check: for non-standard things in the check directory
Result: NOTE Found the following files/directories: ‘outcmaesdisp.dat’ Flavors: r-devel-linux-x86_64-debian-clang, r-devel-linux-x86_64-debian-gcc, r-devel-linux-x86_64-fedora-clang, r-devel-linux-x86_64-fedora-gcc, r-patched-linux-x86_64, r-release-linux-x86_64