CRAN Package Check Results for Package quickregression

Last updated on 2024-06-13 04:52:36 CEST.

Flavor Version Tinstall Tcheck Ttotal Status Flags
r-devel-linux-x86_64-debian-clang 0.2 2.12 24.14 26.26 NOTE
r-devel-linux-x86_64-debian-gcc 0.2 0.28 1.59 1.87 ERROR
r-devel-linux-x86_64-fedora-clang 0.2 33.99 NOTE
r-devel-linux-x86_64-fedora-gcc 0.2 31.68 NOTE
r-devel-windows-x86_64 0.2 3.00 40.00 43.00 NOTE
r-patched-linux-x86_64 0.2 2.21 22.88 25.09 NOTE
r-release-linux-x86_64 0.2 1.55 23.85 25.40 NOTE
r-release-macos-arm64 0.2 16.00 NOTE
r-release-macos-x86_64 0.2 21.00 NOTE
r-release-windows-x86_64 0.2 3.00 40.00 43.00 NOTE
r-oldrel-macos-arm64 0.2 17.00 NOTE
r-oldrel-macos-x86_64 0.2 20.00 NOTE
r-oldrel-windows-x86_64 0.2 4.00 42.00 46.00 NOTE

Check Details

Version: 0.2
Check: LazyData
Result: NOTE 'LazyData' is specified without a 'data' directory Flavors: r-devel-linux-x86_64-debian-clang, r-devel-linux-x86_64-fedora-clang, r-devel-linux-x86_64-fedora-gcc, r-devel-windows-x86_64, r-patched-linux-x86_64, r-release-linux-x86_64, r-release-macos-arm64, r-release-macos-x86_64, r-release-windows-x86_64, r-oldrel-macos-arm64, r-oldrel-macos-x86_64, r-oldrel-windows-x86_64

Version: 0.2
Check: package dependencies
Result: ERROR Package required but not available: ‘car’ See section ‘The DESCRIPTION file’ in the ‘Writing R Extensions’ manual. Flavor: r-devel-linux-x86_64-debian-gcc