CRAN Package Check Results for Package questionr

Last updated on 2024-07-13 16:48:24 CEST.

Flavor Version Tinstall Tcheck Ttotal Status Flags
r-devel-linux-x86_64-debian-clang 0.7.8 8.79 90.93 99.72 OK
r-devel-linux-x86_64-debian-gcc 0.7.8 7.22 66.65 73.87 OK
r-devel-linux-x86_64-fedora-clang 0.7.8 137.37 NOTE
r-devel-linux-x86_64-fedora-gcc 0.7.8 130.84 NOTE
r-devel-windows-x86_64 0.7.8 10.00 95.00 105.00 OK
r-patched-linux-x86_64 0.7.8 7.30 86.20 93.50 OK
r-release-linux-x86_64 0.7.8 6.41 85.10 91.51 OK
r-release-macos-arm64 0.7.8 50.00 OK
r-release-macos-x86_64 0.7.8 69.00 OK
r-release-windows-x86_64 0.7.8 9.00 98.00 107.00 OK
r-oldrel-macos-arm64 0.7.8 50.00 OK
r-oldrel-macos-x86_64 0.7.8 67.00 NOTE
r-oldrel-windows-x86_64 0.7.8 14.00 111.00 125.00 OK

Check Details

Version: 0.7.8
Check: data for non-ASCII characters
Result: NOTE Note: found 8504 marked UTF-8 strings Flavors: r-devel-linux-x86_64-fedora-clang, r-devel-linux-x86_64-fedora-gcc

Version: 0.7.8
Check: package dependencies
Result: NOTE Package suggested but not available for checking: ‘survey’ Flavor: r-oldrel-macos-x86_64

Version: 0.7.8
Check: Rd cross-references
Result: NOTE Package unavailable to check Rd xrefs: ‘survey’ Flavor: r-oldrel-macos-x86_64