CRAN Package Check Results for Package quarrint

Last updated on 2024-07-21 04:53:31 CEST.

Flavor Version Tinstall Tcheck Ttotal Status Flags
r-devel-linux-x86_64-debian-clang 1.0.0 6.20 28.93 35.13 NOTE
r-devel-linux-x86_64-debian-gcc 1.0.0 5.47 22.28 27.75 NOTE
r-devel-linux-x86_64-fedora-clang 1.0.0 51.13 NOTE
r-devel-linux-x86_64-fedora-gcc 1.0.0 46.59 NOTE
r-devel-windows-x86_64 1.0.0 7.00 48.00 55.00 NOTE
r-patched-linux-x86_64 1.0.0 7.06 27.78 34.84 NOTE
r-release-linux-x86_64 1.0.0 7.25 28.62 35.87 NOTE
r-release-macos-arm64 1.0.0 22.00 NOTE
r-release-macos-x86_64 1.0.0 28.00 NOTE
r-release-windows-x86_64 1.0.0 8.00 47.00 55.00 NOTE
r-oldrel-macos-arm64 1.0.0 21.00 OK
r-oldrel-macos-x86_64 1.0.0 30.00 OK
r-oldrel-windows-x86_64 1.0.0 6.00 48.00 54.00 OK

Check Details

Version: 1.0.0
Check: Rd files
Result: NOTE checkRd: (-1) quarries.Rd:17-19: Lost braces in \itemize; meant \describe ? checkRd: (-1) quarries.Rd:20-22: Lost braces in \itemize; meant \describe ? checkRd: (-1) quarries.Rd:23-25: Lost braces in \itemize; meant \describe ? checkRd: (-1) quarries.Rd:26-28: Lost braces in \itemize; meant \describe ? Flavors: r-devel-linux-x86_64-debian-clang, r-devel-linux-x86_64-debian-gcc, r-devel-linux-x86_64-fedora-clang, r-devel-linux-x86_64-fedora-gcc, r-devel-windows-x86_64, r-patched-linux-x86_64, r-release-linux-x86_64, r-release-macos-arm64, r-release-macos-x86_64, r-release-windows-x86_64