CRAN Package Check Results for Package quantregGrowth

Last updated on 2024-07-15 16:56:31 CEST.

Flavor Version Tinstall Tcheck Ttotal Status Flags
r-devel-linux-x86_64-debian-clang 1.7-1 16.42 125.23 141.65 OK
r-devel-linux-x86_64-debian-gcc 1.7-1 12.16 91.31 103.47 OK
r-devel-linux-x86_64-fedora-clang 1.7-1 182.74 OK
r-devel-linux-x86_64-fedora-gcc 1.7-1 176.93 OK
r-devel-windows-x86_64 1.7-1 13.00 107.00 120.00 NOTE
r-patched-linux-x86_64 1.7-1 18.43 119.51 137.94 OK
r-release-linux-x86_64 1.7-1 11.73 119.56 131.29 OK
r-release-macos-arm64 1.7-1 54.00 OK
r-release-macos-x86_64 1.7-1 88.00 OK
r-release-windows-x86_64 1.7-1 12.00 110.00 122.00 OK
r-oldrel-macos-arm64 1.7-1 59.00 OK
r-oldrel-macos-x86_64 1.7-1 144.00 OK
r-oldrel-windows-x86_64 1.7-1 17.00 126.00 143.00 OK

Check Details

Version: 1.7-1
Check: Rd cross-references
Result: NOTE Found the following Rd file(s) with Rd \link{} targets missing package anchors: logLik.gcrq.Rd: logLik.rq Please provide package anchors for all Rd \link{} targets not in the package itself and the base packages. Flavor: r-devel-windows-x86_64