CRAN Package Check Results for Package quanteda.textmodels

Last updated on 2024-07-24 16:53:58 CEST.

Flavor Version Tinstall Tcheck Ttotal Status Flags
r-devel-linux-x86_64-debian-clang 0.9.7 79.82 273.84 353.66 OK
r-devel-linux-x86_64-debian-gcc 0.9.7 51.63 214.12 265.75 NOTE
r-devel-linux-x86_64-fedora-clang 0.9.7 458.29 NOTE
r-devel-linux-x86_64-fedora-gcc 0.9.7 495.04 NOTE
r-devel-windows-x86_64 0.9.7 60.00 252.00 312.00 NOTE
r-patched-linux-x86_64 0.9.7 82.22 259.17 341.39 OK
r-release-linux-x86_64 0.9.7 69.08 263.91 332.99 OK
r-release-macos-arm64 0.9.7 152.00 NOTE
r-release-macos-x86_64 0.9.7 243.00 NOTE
r-release-windows-x86_64 0.9.7 71.00 260.00 331.00 NOTE
r-oldrel-macos-arm64 0.9.7 155.00 NOTE
r-oldrel-macos-x86_64 0.9.7 369.00 NOTE
r-oldrel-windows-x86_64 0.9.7 72.00 317.00 389.00 NOTE

Check Details

Version: 0.9.7
Check: Rd cross-references
Result: NOTE Found the following Rd file(s) with Rd \link{} targets missing package anchors: as.matrix.csr.dfm.Rd: dfm force_conformance.Rd: dfm textmodel_affinity.Rd: dfm, bootstrap_dfm textmodel_ca.Rd: dfm textmodel_lr.Rd: dfm textmodel_lsa.Rd: dfm textmodel_nb.Rd: dfm textmodel_svm.Rd: dfm textmodel_svmlin.Rd: dfm textmodel_wordscores.Rd: dfm Please provide package anchors for all Rd \link{} targets not in the package itself and the base packages. Flavors: r-devel-linux-x86_64-debian-gcc, r-devel-windows-x86_64

Version: 0.9.7
Check: data for non-ASCII characters
Result: NOTE Note: found 35707 marked UTF-8 strings Flavors: r-devel-linux-x86_64-fedora-clang, r-devel-linux-x86_64-fedora-gcc

Version: 0.9.7
Check: installed package size
Result: NOTE installed size is 5.3Mb sub-directories of 1Mb or more: data 3.8Mb libs 1.2Mb Flavors: r-devel-windows-x86_64, r-release-macos-arm64, r-release-macos-x86_64, r-release-windows-x86_64, r-oldrel-macos-arm64, r-oldrel-macos-x86_64, r-oldrel-windows-x86_64