CRAN Package Check Results for Package quRan

Last updated on 2024-07-21 16:52:20 CEST.

Flavor Version Tinstall Tcheck Ttotal Status Flags
r-devel-linux-x86_64-debian-clang 0.1.0 3.21 25.72 28.93 OK
r-devel-linux-x86_64-debian-gcc 0.1.0 2.59 20.58 23.17 OK
r-devel-linux-x86_64-fedora-clang 0.1.0 39.60 NOTE
r-devel-linux-x86_64-fedora-gcc 0.1.0 36.69 NOTE
r-devel-windows-x86_64 0.1.0 4.00 44.00 48.00 OK
r-patched-linux-x86_64 0.1.0 2.71 24.93 27.64 OK
r-release-linux-x86_64 0.1.0 2.46 25.80 28.26 OK
r-release-macos-arm64 0.1.0 18.00 OK
r-release-macos-x86_64 0.1.0 25.00 OK
r-release-windows-x86_64 0.1.0 4.00 43.00 47.00 OK
r-oldrel-macos-arm64 0.1.0 18.00 OK
r-oldrel-macos-x86_64 0.1.0 25.00 OK
r-oldrel-windows-x86_64 0.1.0 4.00 46.00 50.00 OK

Check Details

Version: 0.1.0
Check: data for non-ASCII characters
Result: NOTE Note: found 12928 marked UTF-8 strings Flavors: r-devel-linux-x86_64-fedora-clang, r-devel-linux-x86_64-fedora-gcc