CRAN Package Check Results for Package pubh

Last updated on 2024-06-14 05:00:30 CEST.

Flavor Version Tinstall Tcheck Ttotal Status Flags
r-devel-linux-x86_64-debian-clang 1.3.2 10.61 303.33 313.94 OK
r-devel-linux-x86_64-debian-gcc 1.3.2 0.36 1.77 2.13 ERROR
r-devel-linux-x86_64-fedora-clang 1.3.2 348.50 OK
r-devel-linux-x86_64-fedora-gcc 1.3.2 380.13 OK
r-devel-windows-x86_64 1.3.2 15.00 236.00 251.00 OK
r-patched-linux-x86_64 1.3.2 18.31 284.75 303.06 OK
r-release-linux-x86_64 1.3.2 12.08 293.68 305.76 OK
r-release-macos-arm64 1.3.2 105.00 OK
r-release-macos-x86_64 1.3.2 162.00 OK
r-release-windows-x86_64 1.3.2 15.00 237.00 252.00 OK
r-oldrel-macos-arm64 1.3.2 97.00 OK
r-oldrel-macos-x86_64 1.3.2 217.00 OK
r-oldrel-windows-x86_64 1.3.2 19.00 291.00 310.00 OK

Check Details

Version: 1.3.2
Check: package dependencies
Result: ERROR Packages required but not available: 'ggformula', 'gtsummary', 'huxtable', 'car', 'dplyr', 'Epi', 'epiR', 'ggplot2', 'moonBook', 'sjmisc', 'tibble', 'tidyselect' Packages suggested but not available for checking: 'broom', 'ggfortify', 'ggsci', 'Hmisc', 'jtools', 'latex2exp', 'lme4', 'rms', 'rstatix', 'see', 'sjPlot', 'tidyverse' See section ‘The DESCRIPTION file’ in the ‘Writing R Extensions’ manual. Flavor: r-devel-linux-x86_64-debian-gcc