CRAN Package Check Results for Package psychTools

Last updated on 2025-06-14 16:48:31 CEST.

Flavor Version Tinstall Tcheck Ttotal Status Flags
r-devel-linux-x86_64-debian-clang 2.5.3 4.95 194.03 198.98 OK
r-devel-linux-x86_64-debian-gcc 2.5.3 3.64 133.95 137.59 OK
r-devel-linux-x86_64-fedora-clang 2.5.3 323.32 OK
r-devel-linux-x86_64-fedora-gcc 2.5.3 321.06 OK
r-devel-windows-x86_64 2.5.3 7.00 415.00 422.00 OK
r-patched-linux-x86_64 2.5.3 5.91 188.70 194.61 OK
r-release-linux-x86_64 2.5.3 5.61 189.50 195.11 OK
r-release-macos-arm64 2.5.3 120.00 OK
r-release-macos-x86_64 2.5.3 198.00 OK
r-release-windows-x86_64 2.5.3 7.00 412.00 419.00 OK
r-oldrel-macos-arm64 2.5.3 137.00 OK
r-oldrel-macos-x86_64 2.5.3 296.00 NOTE
r-oldrel-windows-x86_64 2.5.3 9.00 448.00 457.00 OK

Check Details

Version: 2.5.3
Check: installed package size
Result: NOTE installed size is 5.7Mb sub-directories of 1Mb or more: data 2.1Mb doc 3.2Mb Flavor: r-oldrel-macos-x86_64