Last updated on 2025-01-21 16:50:18 CET.
Flavor | Version | Tinstall | Tcheck | Ttotal | Status | Flags |
---|---|---|---|---|---|---|
r-devel-linux-x86_64-debian-clang | 1.0.3 | 10.43 | 89.90 | 100.33 | OK | |
r-devel-linux-x86_64-debian-gcc | 1.0.3 | 7.23 | 64.94 | 72.17 | OK | |
r-devel-linux-x86_64-fedora-clang | 1.0.3 | 160.74 | OK | |||
r-devel-linux-x86_64-fedora-gcc | 1.0.3 | 153.57 | OK | |||
r-devel-windows-x86_64 | 1.0.3 | 11.00 | 95.00 | 106.00 | OK | |
r-patched-linux-x86_64 | 1.0.3 | 9.68 | 85.42 | 95.10 | NOTE | |
r-release-linux-x86_64 | 1.0.3 | 9.64 | 85.89 | 95.53 | NOTE | |
r-release-macos-arm64 | 1.0.3 | 45.00 | NOTE | |||
r-release-macos-x86_64 | 1.0.3 | 88.00 | NOTE | |||
r-release-windows-x86_64 | 1.0.3 | 9.00 | 98.00 | 107.00 | NOTE | |
r-oldrel-macos-arm64 | 1.0.3 | 47.00 | NOTE | |||
r-oldrel-macos-x86_64 | 1.0.3 | 81.00 | NOTE | |||
r-oldrel-windows-x86_64 | 1.0.3 | 11.00 | 115.00 | 126.00 | NOTE |
Version: 1.0.3
Check: LazyData
Result: NOTE
'LazyData' is specified without a 'data' directory
Flavors: r-patched-linux-x86_64, r-release-linux-x86_64, r-release-macos-arm64, r-release-macos-x86_64, r-release-windows-x86_64, r-oldrel-macos-arm64, r-oldrel-macos-x86_64, r-oldrel-windows-x86_64