Last updated on 2025-01-19 04:49:04 CET.
Flavor | Version | Tinstall | Tcheck | Ttotal | Status | Flags |
---|---|---|---|---|---|---|
r-devel-linux-x86_64-debian-clang | 0.3.2 | 53.41 | 144.05 | 197.46 | OK | |
r-devel-linux-x86_64-debian-gcc | 0.3.2 | 45.58 | 104.97 | 150.55 | OK | |
r-devel-linux-x86_64-fedora-clang | 0.3.2 | 327.43 | OK | |||
r-devel-linux-x86_64-fedora-gcc | 0.3.2 | 398.49 | OK | |||
r-devel-windows-x86_64 | 0.3.2 | 61.00 | 184.00 | 245.00 | OK | |
r-patched-linux-x86_64 | 0.3.2 | 59.35 | 144.07 | 203.42 | OK | |
r-release-linux-x86_64 | 0.3.2 | 60.36 | 145.77 | 206.13 | OK | |
r-release-macos-arm64 | 0.3.2 | 62.00 | NOTE | |||
r-release-macos-x86_64 | 0.3.2 | 119.00 | NOTE | |||
r-release-windows-x86_64 | 0.3.2 | 64.00 | 179.00 | 243.00 | OK | |
r-oldrel-macos-arm64 | 0.3.2 | 71.00 | NOTE | |||
r-oldrel-macos-x86_64 | 0.3.2 | 122.00 | NOTE | |||
r-oldrel-windows-x86_64 | 0.3.2 | 69.00 | 218.00 | 287.00 | OK |
Version: 0.3.2
Check: installed package size
Result: NOTE
installed size is 11.4Mb
sub-directories of 1Mb or more:
libs 10.7Mb
Flavors: r-release-macos-arm64, r-release-macos-x86_64, r-oldrel-macos-arm64, r-oldrel-macos-x86_64