CRAN Package Check Results for Package psd

Last updated on 2024-07-20 04:48:40 CEST.

Flavor Version Tinstall Tcheck Ttotal Status Flags
r-devel-linux-x86_64-debian-clang 2.1.1 39.17 114.25 153.42 NOTE
r-devel-linux-x86_64-debian-gcc 2.1.1 26.68 87.71 114.39 NOTE
r-devel-linux-x86_64-fedora-clang 2.1.1 228.64 NOTE
r-devel-linux-x86_64-fedora-gcc 2.1.1 247.75 NOTE
r-devel-windows-x86_64 2.1.1 34.00 187.00 221.00 NOTE
r-patched-linux-x86_64 2.1.1 41.67 109.84 151.51 NOTE
r-release-linux-x86_64 2.1.1 45.89 108.94 154.83 NOTE
r-release-macos-arm64 2.1.1 68.00 NOTE
r-release-macos-x86_64 2.1.1 80.00 ERROR
r-release-windows-x86_64 2.1.1 40.00 184.00 224.00 NOTE
r-oldrel-macos-arm64 2.1.1 73.00 NOTE
r-oldrel-macos-x86_64 2.1.1 126.00 NOTE
r-oldrel-windows-x86_64 2.1.1 51.00 198.00 249.00 OK

Check Details

Version: 2.1.1
Check: Rd files
Result: NOTE checkRd: (-1) riedsid.Rd:92-93: Lost braces in \itemize; meant \describe ? checkRd: (-1) riedsid.Rd:94-96: Lost braces in \itemize; meant \describe ? Flavors: r-devel-linux-x86_64-debian-clang, r-devel-linux-x86_64-debian-gcc, r-devel-linux-x86_64-fedora-clang, r-devel-linux-x86_64-fedora-gcc, r-devel-windows-x86_64, r-patched-linux-x86_64, r-release-linux-x86_64, r-release-macos-arm64, r-release-macos-x86_64, r-release-windows-x86_64

Version: 2.1.1
Check: installed package size
Result: NOTE installed size is 5.1Mb sub-directories of 1Mb or more: doc 1.5Mb libs 2.9Mb Flavors: r-release-macos-arm64, r-release-macos-x86_64, r-oldrel-macos-arm64, r-oldrel-macos-x86_64

Version: 2.1.1
Check: re-building of vignette outputs
Result: ERROR Error(s) in re-building vignettes: --- re-building ‘fftw.Rnw’ using knitr --- finished re-building ‘fftw.Rnw’ --- re-building ‘multivariate.Rnw’ using knitr --- finished re-building ‘multivariate.Rnw’ --- re-building ‘normalization.Rnw’ using knitr --- finished re-building ‘normalization.Rnw’ --- re-building ‘psd_overview.Rnw’ using knitr --- finished re-building ‘psd_overview.Rnw’ /Library/Frameworks/R.framework/Resources/bin/Rscript -e "if (getRversion() >= '3.0.0') knitr::knit2pdf('fftw.Rnw') else tools::texi2pdf('fftw.tex')" processing file: fftw.Rnw output file: fftw.tex ! Undefined control sequence. l.134 \hlkwd{rm}\hldef {(}\hlkwc{list}\hldef{=}\hlkwd{ls}\hldef{())} Error: LaTeX failed to compile fftw.tex. See https://yihui.org/tinytex/r/#debugging for debugging tips. See fftw.log for more info. Execution halted make: *** [fftw.pdf] Error 1 Error in tools::buildVignettes(dir = "/Volumes/Builds/packages/big-sur-x86_64/results/4.4/psd.Rcheck/vign_test/psd", : running 'make' failed Execution halted Flavor: r-release-macos-x86_64