CRAN Package Check Results for Package primer

Last updated on 2024-07-20 04:48:40 CEST.

Flavor Version Tinstall Tcheck Ttotal Status Flags
r-devel-linux-x86_64-debian-clang 1.2.0 8.16 69.42 77.58 NOTE
r-devel-linux-x86_64-debian-gcc 1.2.0 4.34 52.19 56.53 NOTE
r-devel-linux-x86_64-fedora-clang 1.2.0 97.88 NOTE
r-devel-linux-x86_64-fedora-gcc 1.2.0 90.10 NOTE
r-devel-windows-x86_64 1.2.0 8.00 82.00 90.00 NOTE
r-patched-linux-x86_64 1.2.0 9.13 67.94 77.07 NOTE
r-release-linux-x86_64 1.2.0 4.53 66.39 70.92 NOTE
r-release-macos-arm64 1.2.0 31.00 NOTE
r-release-macos-x86_64 1.2.0 57.00 NOTE
r-release-windows-x86_64 1.2.0 9.00 81.00 90.00 NOTE
r-oldrel-macos-arm64 1.2.0 30.00 OK
r-oldrel-macos-x86_64 1.2.0 48.00 NOTE
r-oldrel-windows-x86_64 1.2.0 9.00 92.00 101.00 OK

Check Details

Version: 1.2.0
Check: Rd files
Result: NOTE checkRd: (-1) alogistic.Rd:20: Lost braces 20 | The user does not put these directly into this function, but rather uses code{ode} in the \code{deSolve} package. | ^ Flavors: r-devel-linux-x86_64-debian-clang, r-devel-linux-x86_64-debian-gcc, r-devel-linux-x86_64-fedora-clang, r-devel-linux-x86_64-fedora-gcc, r-devel-windows-x86_64, r-patched-linux-x86_64, r-release-linux-x86_64, r-release-macos-arm64, r-release-macos-x86_64, r-release-windows-x86_64

Version: 1.2.0
Check: dependencies in R code
Result: NOTE Namespaces in Imports field not imported from: ‘tidyr’ ‘utils’ All declared Imports should be used. Flavors: r-devel-linux-x86_64-fedora-clang, r-devel-linux-x86_64-fedora-gcc

Version: 1.2.0
Check: package dependencies
Result: NOTE Package suggested but not available for checking: ‘bipartite’ Flavor: r-oldrel-macos-x86_64