CRAN Package Check Results for Package pricesensitivitymeter

Last updated on 2024-07-22 16:57:22 CEST.

Flavor Version Tinstall Tcheck Ttotal Status Flags
r-devel-linux-x86_64-debian-clang 1.3.0 10.21 128.82 139.03 OK
r-devel-linux-x86_64-debian-gcc 1.3.0 6.93 94.04 100.97 NOTE
r-devel-linux-x86_64-fedora-clang 1.3.0 174.79 OK
r-devel-linux-x86_64-fedora-gcc 1.3.0 183.26 OK
r-devel-windows-x86_64 1.3.0 11.00 107.00 118.00 NOTE
r-patched-linux-x86_64 1.3.0 14.54 121.53 136.07 OK
r-release-linux-x86_64 1.3.0 10.08 123.80 133.88 OK
r-release-macos-arm64 1.3.0 55.00 OK
r-release-macos-x86_64 1.3.0 83.00 OK
r-release-windows-x86_64 1.3.0 9.00 109.00 118.00 OK
r-oldrel-macos-arm64 1.3.0 68.00 OK
r-oldrel-macos-x86_64 1.3.0 121.00 OK
r-oldrel-windows-x86_64 1.3.0 13.00 126.00 139.00 OK

Check Details

Version: 1.3.0
Check: Rd cross-references
Result: NOTE Found the following Rd file(s) with Rd \link{} targets missing package anchors: psm_analysis_weighted.rd: svydesign Please provide package anchors for all Rd \link{} targets not in the package itself and the base packages. Flavors: r-devel-linux-x86_64-debian-gcc, r-devel-windows-x86_64