CRAN Package Check Results for Package prettycode

Last updated on 2024-07-15 16:56:30 CEST.

Flavor Version Tinstall Tcheck Ttotal Status Flags
r-devel-linux-x86_64-debian-clang 1.1.0 2.69 26.84 29.53 NOTE
r-devel-linux-x86_64-debian-gcc 1.1.0 1.98 21.21 23.19 NOTE
r-devel-linux-x86_64-fedora-clang 1.1.0 37.63 NOTE
r-devel-linux-x86_64-fedora-gcc 1.1.0 35.03 NOTE
r-devel-windows-x86_64 1.1.0 3.00 44.00 47.00 NOTE
r-patched-linux-x86_64 1.1.0 1.74 25.89 27.63 NOTE
r-release-linux-x86_64 1.1.0 2.34 25.58 27.92 NOTE
r-release-macos-arm64 1.1.0 15.00 NOTE
r-release-macos-x86_64 1.1.0 23.00 NOTE
r-release-windows-x86_64 1.1.0 3.00 44.00 47.00 NOTE
r-oldrel-macos-arm64 1.1.0 17.00 NOTE
r-oldrel-macos-x86_64 1.1.0 22.00 NOTE
r-oldrel-windows-x86_64 1.1.0 3.00 45.00 48.00 NOTE

Check Details

Version: 1.1.0
Check: LazyData
Result: NOTE 'LazyData' is specified without a 'data' directory Flavors: r-devel-linux-x86_64-debian-clang, r-devel-linux-x86_64-debian-gcc, r-devel-linux-x86_64-fedora-clang, r-devel-linux-x86_64-fedora-gcc, r-devel-windows-x86_64, r-patched-linux-x86_64, r-release-linux-x86_64, r-release-macos-arm64, r-release-macos-x86_64, r-release-windows-x86_64, r-oldrel-macos-arm64, r-oldrel-macos-x86_64, r-oldrel-windows-x86_64