CRAN Package Check Results for Package postcards

Last updated on 2024-07-18 16:49:13 CEST.

Flavor Version Tinstall Tcheck Ttotal Status Flags
r-devel-linux-x86_64-debian-clang 0.2.3 1.62 22.98 24.60 OK
r-devel-linux-x86_64-debian-gcc 0.2.3 1.61 17.29 18.90 OK
r-devel-linux-x86_64-fedora-clang 0.2.3 31.64 NOTE
r-devel-linux-x86_64-fedora-gcc 0.2.3 30.12 OK
r-devel-windows-x86_64 0.2.3 4.00 39.00 43.00 OK
r-patched-linux-x86_64 0.2.3 1.74 22.16 23.90 OK
r-release-linux-x86_64 0.2.3 1.79 21.95 23.74 OK
r-release-macos-arm64 0.2.3 15.00 OK
r-release-macos-x86_64 0.2.3 21.00 OK
r-release-windows-x86_64 0.2.3 3.00 40.00 43.00 OK
r-oldrel-macos-arm64 0.2.3 15.00 OK
r-oldrel-macos-x86_64 0.2.3 20.00 OK
r-oldrel-windows-x86_64 0.2.3 4.00 39.00 43.00 OK

Check Details

Version: 0.2.3
Check: Rd cross-references
Result: NOTE Undeclared package ‘bslib’ in Rd xrefs Flavor: r-devel-linux-x86_64-fedora-clang