CRAN Package Check Results for Package popbayes

Last updated on 2024-06-13 16:49:20 CEST.

Flavor Version Tinstall Tcheck Ttotal Status Flags
r-devel-linux-x86_64-debian-clang 1.2.0 5.01 49.55 54.56 OK
r-devel-linux-x86_64-debian-gcc 1.2.0 0.60 1.73 2.33 ERROR
r-devel-linux-x86_64-fedora-clang 1.2.0 68.23 OK
r-devel-linux-x86_64-fedora-gcc 1.2.0 77.27 OK
r-devel-windows-x86_64 1.2.0 6.00 62.00 68.00 OK
r-patched-linux-x86_64 1.2.0 5.01 47.73 52.74 OK
r-release-linux-x86_64 1.2.0 5.30 46.15 51.45 OK
r-release-macos-arm64 1.2.0 30.00 OK
r-release-macos-x86_64 1.2.0 44.00 OK
r-release-windows-x86_64 1.2.0 6.00 63.00 69.00 OK
r-oldrel-macos-arm64 1.2.0 28.00 OK
r-oldrel-macos-x86_64 1.2.0 59.00 OK
r-oldrel-windows-x86_64 1.2.0 7.00 64.00 71.00 OK

Check Details

Version: 1.2.0
Check: package dependencies
Result: ERROR Packages required but not available: 'R2jags', 'usethis' See section ‘The DESCRIPTION file’ in the ‘Writing R Extensions’ manual. Flavor: r-devel-linux-x86_64-debian-gcc