CRAN Package Check Results for Package poliscidata

Last updated on 2024-06-13 16:49:20 CEST.

Flavor Version Tinstall Tcheck Ttotal Status Flags
r-devel-linux-x86_64-debian-clang 2.3.0 19.06 147.45 166.51 OK
r-devel-linux-x86_64-debian-gcc 2.3.0 0.55 1.62 2.17 ERROR
r-devel-linux-x86_64-fedora-clang 2.3.0 210.37 OK
r-devel-linux-x86_64-fedora-gcc 2.3.0 199.15 OK
r-devel-windows-x86_64 2.3.0 18.00 129.00 147.00 OK
r-patched-linux-x86_64 2.3.0 19.50 140.57 160.07 OK
r-release-linux-x86_64 2.3.0 17.93 140.69 158.62 OK
r-release-macos-arm64 2.3.0 61.00 OK
r-release-macos-x86_64 2.3.0 82.00 OK
r-release-windows-x86_64 2.3.0 20.00 130.00 150.00 OK
r-oldrel-macos-arm64 2.3.0 66.00 OK
r-oldrel-macos-x86_64 2.3.0 87.00 OK
r-oldrel-windows-x86_64 2.3.0 24.00 161.00 185.00 OK

Check Details

Version: 2.3.0
Check: package dependencies
Result: ERROR Packages required but not available: 'Hmisc', 'weights', 'car' See section ‘The DESCRIPTION file’ in the ‘Writing R Extensions’ manual. Flavor: r-devel-linux-x86_64-debian-gcc