CRAN Package Check Results for Package polimetrics

Last updated on 2024-06-13 16:49:20 CEST.

Flavor Version Tinstall Tcheck Ttotal Status Flags
r-devel-linux-x86_64-debian-clang 1.2.1.14 6.22 43.60 49.82 OK
r-devel-linux-x86_64-debian-gcc 1.2.1.14 0.28 1.62 1.90 ERROR
r-devel-linux-x86_64-fedora-clang 1.2.1.14 61.84 NOTE
r-devel-linux-x86_64-fedora-gcc 1.2.1.14 57.14 NOTE
r-devel-windows-x86_64 1.2.1.14 6.00 53.00 59.00 OK
r-patched-linux-x86_64 1.2.1.14 5.91 41.87 47.78 OK
r-release-linux-x86_64 1.2.1.14 5.11 42.38 47.49 OK
r-release-macos-arm64 1.2.1.14 22.00 OK
r-release-macos-x86_64 1.2.1.14 33.00 OK
r-release-windows-x86_64 1.2.1.14 6.00 55.00 61.00 OK
r-oldrel-macos-arm64 1.2.1.14 24.00 OK
r-oldrel-macos-x86_64 1.2.1.14 32.00 OK
r-oldrel-windows-x86_64 1.2.1.14 8.00 60.00 68.00 OK

Check Details

Version: 1.2.1.14
Check: package dependencies
Result: ERROR Packages required but not available: 'dplyr', 'ggplot2', 'tidyverse', 'car', 'purrr', 'rstatix', 'stringr' See section ‘The DESCRIPTION file’ in the ‘Writing R Extensions’ manual. Flavor: r-devel-linux-x86_64-debian-gcc

Version: 1.2.1.14
Check: dependencies in R code
Result: NOTE Namespaces in Imports field not imported from: ‘MASS’ ‘car’ ‘formula.tools’ ‘ggplot2’ ‘gplots’ ‘graphics’ ‘purrr’ ‘rstatix’ ‘stringr’ ‘tidyverse’ All declared Imports should be used. Flavors: r-devel-linux-x86_64-fedora-clang, r-devel-linux-x86_64-fedora-gcc

Version: 1.2.1.14
Check: data for non-ASCII characters
Result: NOTE Note: found 2 marked UTF-8 strings Flavors: r-devel-linux-x86_64-fedora-clang, r-devel-linux-x86_64-fedora-gcc