CRAN Package Check Results for Package pltesim

Last updated on 2024-07-20 16:49:11 CEST.

Flavor Version Tinstall Tcheck Ttotal Status Flags
r-devel-linux-x86_64-debian-clang 1.0 5.90 58.81 64.71 OK
r-devel-linux-x86_64-debian-gcc 1.0 4.11 44.05 48.16 OK
r-devel-linux-x86_64-fedora-clang 1.0 79.65 OK
r-devel-linux-x86_64-fedora-gcc 1.0 78.27 OK
r-devel-windows-x86_64 1.0 8.00 63.00 71.00 NOTE
r-patched-linux-x86_64 1.0 11.26 55.60 66.86 OK
r-release-linux-x86_64 1.0 5.57 55.95 61.52 OK
r-release-macos-arm64 1.0 26.00 OK
r-release-macos-x86_64 1.0 39.00 OK
r-release-windows-x86_64 1.0 6.00 64.00 70.00 OK
r-oldrel-macos-arm64 1.0 30.00 OK
r-oldrel-macos-x86_64 1.0 42.00 OK
r-oldrel-windows-x86_64 1.0 8.00 70.00 78.00 OK

Check Details

Version: 1.0
Check: Rd cross-references
Result: NOTE Found the following Rd file(s) with Rd \link{} targets missing package anchors: plte_builder.Rd: qi_builder Please provide package anchors for all Rd \link{} targets not in the package itself and the base packages. Flavor: r-devel-windows-x86_64