CRAN Package Check Results for Package phylosem

Last updated on 2024-06-13 04:52:35 CEST.

Flavor Version Tinstall Tcheck Ttotal Status Flags
r-devel-linux-x86_64-debian-clang 1.1.4 218.23 443.67 661.90 OK
r-devel-linux-x86_64-debian-gcc 1.1.4 0.44 1.72 2.16 ERROR
r-devel-linux-x86_64-fedora-clang 1.1.4 510.97 NOTE
r-devel-linux-x86_64-fedora-gcc 1.1.4 766.80 OK
r-devel-windows-x86_64 1.1.4 158.00 407.00 565.00 OK
r-patched-linux-x86_64 1.1.4 210.58 441.22 651.80 OK
r-release-linux-x86_64 1.1.4 207.32 441.27 648.59 OK
r-release-macos-arm64 1.1.4 240.00 NOTE
r-release-macos-x86_64 1.1.4 391.00 NOTE
r-release-windows-x86_64 1.1.4 167.00 413.00 580.00 OK
r-oldrel-macos-arm64 1.1.4 238.00 NOTE
r-oldrel-macos-x86_64 1.1.4 359.00 NOTE
r-oldrel-windows-x86_64 1.1.4 227.00 526.00 753.00 OK

Check Details

Version: 1.1.4
Check: package dependencies
Result: ERROR Packages required but not available: 'sem', 'phylobase', 'phylopath' Packages suggested but not available for checking: 'semPlot', 'Rphylopars', 'phyr', 'ggplot2', 'testthat', 'phylosignal', 'adephylo' Packages which this enhances but not available for checking: 'phytools', 'DiagrammeR' See section ‘The DESCRIPTION file’ in the ‘Writing R Extensions’ manual. Flavor: r-devel-linux-x86_64-debian-gcc

Version: 1.1.4
Check: installed package size
Result: NOTE installed size is 5.2Mb sub-directories of 1Mb or more: libs 4.5Mb Flavors: r-devel-linux-x86_64-fedora-clang, r-release-macos-arm64, r-release-macos-x86_64, r-oldrel-macos-arm64, r-oldrel-macos-x86_64