CRAN Package Check Results for Package pheatmap

Last updated on 2024-07-21 04:53:29 CEST.

Flavor Version Tinstall Tcheck Ttotal Status Flags
r-devel-linux-x86_64-debian-clang 1.0.12 3.49 40.19 43.68 NOTE
r-devel-linux-x86_64-debian-gcc 1.0.12 3.70 30.12 33.82 NOTE
r-devel-linux-x86_64-fedora-clang 1.0.12 56.12 NOTE
r-devel-linux-x86_64-fedora-gcc 1.0.12 52.83 NOTE
r-devel-windows-x86_64 1.0.12 5.00 49.00 54.00 NOTE
r-patched-linux-x86_64 1.0.12 7.96 37.34 45.30 NOTE
r-release-linux-x86_64 1.0.12 4.24 37.22 41.46 NOTE
r-release-macos-arm64 1.0.12 20.00 OK
r-release-macos-x86_64 1.0.12 36.00 OK
r-release-windows-x86_64 1.0.12 5.00 49.00 54.00 OK
r-oldrel-macos-arm64 1.0.12 20.00 OK
r-oldrel-macos-x86_64 1.0.12 29.00 OK
r-oldrel-windows-x86_64 1.0.12 6.00 54.00 60.00 OK

Check Details

Version: 1.0.12
Check: for non-standard things in the check directory
Result: NOTE Found the following files/directories: ‘test.pdf’ Flavors: r-devel-linux-x86_64-debian-clang, r-devel-linux-x86_64-debian-gcc, r-devel-linux-x86_64-fedora-clang, r-devel-linux-x86_64-fedora-gcc, r-patched-linux-x86_64, r-release-linux-x86_64

Version: 1.0.12
Check: Rd cross-references
Result: NOTE Found the following Rd file(s) with Rd \link{} targets missing package anchors: pheatmap.Rd: gtable Please provide package anchors for all Rd \link{} targets not in the package itself and the base packages. Flavor: r-devel-windows-x86_64