CRAN Package Check Results for Package pestr

Last updated on 2024-05-19 04:55:49 CEST.

Flavor Version Tinstall Tcheck Ttotal Status Flags
r-devel-linux-x86_64-debian-clang 0.8.2 3.60 56.31 59.91 NOTE
r-devel-linux-x86_64-debian-gcc 0.8.2 2.91 42.18 45.09 NOTE
r-devel-linux-x86_64-fedora-clang 0.8.2 75.98 NOTE
r-devel-linux-x86_64-fedora-gcc 0.8.2 107.39 NOTE
r-devel-windows-x86_64 0.8.2 4.00 62.00 66.00 NOTE
r-patched-linux-x86_64 0.8.2 2.33 52.05 54.38 NOTE
r-release-linux-x86_64 0.8.2 2.29 54.05 56.34 NOTE
r-release-macos-arm64 0.8.2 38.00 NOTE
r-release-windows-x86_64 0.8.2 5.00 62.00 67.00 NOTE
r-oldrel-macos-arm64 0.8.2 35.00 NOTE
r-oldrel-macos-x86_64 0.8.2 44.00 NOTE
r-oldrel-windows-x86_64 0.8.2 6.00 67.00 73.00 NOTE

Check Details

Version: 0.8.2
Check: package subdirectories
Result: NOTE Problems with news in ‘NEWS.md’: Cannot extract version info from the following section titles: Fixed issues Flavors: r-devel-linux-x86_64-debian-clang, r-devel-linux-x86_64-debian-gcc, r-devel-linux-x86_64-fedora-clang, r-devel-linux-x86_64-fedora-gcc, r-devel-windows-x86_64, r-patched-linux-x86_64, r-release-linux-x86_64, r-release-macos-arm64, r-release-windows-x86_64, r-oldrel-macos-arm64, r-oldrel-macos-x86_64, r-oldrel-windows-x86_64

Version: 0.8.2
Check: LazyData
Result: NOTE 'LazyData' is specified without a 'data' directory Flavors: r-devel-linux-x86_64-debian-clang, r-devel-linux-x86_64-debian-gcc, r-devel-linux-x86_64-fedora-clang, r-devel-linux-x86_64-fedora-gcc, r-devel-windows-x86_64, r-patched-linux-x86_64, r-release-linux-x86_64, r-release-macos-arm64, r-release-windows-x86_64, r-oldrel-macos-arm64, r-oldrel-macos-x86_64, r-oldrel-windows-x86_64