CRAN Package Check Results for Package pedigreeTools

Last updated on 2024-07-19 04:56:45 CEST.

Flavor Version Tinstall Tcheck Ttotal Status Flags
r-devel-linux-x86_64-debian-clang 0.2 7.40 70.24 77.64 OK
r-devel-linux-x86_64-debian-gcc 0.2 8.28 51.45 59.73 OK
r-devel-linux-x86_64-fedora-clang 0.2 97.55 OK
r-devel-linux-x86_64-fedora-gcc 0.2 93.42 OK
r-devel-windows-x86_64 0.2 11.00 70.00 81.00 NOTE
r-patched-linux-x86_64 0.2 10.77 66.83 77.60 OK
r-release-linux-x86_64 0.2 9.71 64.96 74.67 OK
r-release-macos-arm64 0.2 32.00 OK
r-release-macos-x86_64 0.2 47.00 OK
r-release-windows-x86_64 0.2 11.00 70.00 81.00 OK
r-oldrel-macos-arm64 0.2 37.00 OK
r-oldrel-macos-x86_64 0.2 52.00 OK
r-oldrel-windows-x86_64 0.2 11.00 83.00 94.00 OK

Check Details

Version: 0.2
Check: Rd cross-references
Result: NOTE Found the following Rd file(s) with Rd \link{} targets missing package anchors: getA.Rd: dsCMatrix-class getAInv.Rd: dsCMatrix-class getASubset.Rd: dsCMatrix-class getT.Rd: dtCMatrix-class getTInv.Rd: dtCMatrix-class relfactor.Rd: dtCMatrix-class relfactorInv.Rd: dtCMatrix-class Please provide package anchors for all Rd \link{} targets not in the package itself and the base packages. Flavor: r-devel-windows-x86_64