CRAN Package Check Results for Package paramtest

Last updated on 2024-07-23 16:49:12 CEST.

Flavor Version Tinstall Tcheck Ttotal Status Flags
r-devel-linux-x86_64-debian-clang 0.1.0 2.49 49.13 51.62 NOTE
r-devel-linux-x86_64-debian-gcc 0.1.0 1.65 36.27 37.92 NOTE
r-devel-linux-x86_64-fedora-clang 0.1.0 67.39 NOTE
r-devel-linux-x86_64-fedora-gcc 0.1.0 73.40 NOTE
r-devel-windows-x86_64 0.1.0 3.00 64.00 67.00 NOTE
r-patched-linux-x86_64 0.1.0 2.77 47.22 49.99 NOTE
r-release-linux-x86_64 0.1.0 2.46 46.05 48.51 NOTE
r-release-macos-arm64 0.1.0 27.00 NOTE
r-release-macos-x86_64 0.1.0 46.00 NOTE
r-release-windows-x86_64 0.1.0 4.00 62.00 66.00 NOTE
r-oldrel-macos-arm64 0.1.0 28.00 NOTE
r-oldrel-macos-x86_64 0.1.0 44.00 NOTE
r-oldrel-windows-x86_64 0.1.0 3.00 68.00 71.00 NOTE

Check Details

Version: 0.1.0
Check: LazyData
Result: NOTE 'LazyData' is specified without a 'data' directory Flavors: r-devel-linux-x86_64-debian-clang, r-devel-linux-x86_64-debian-gcc, r-devel-linux-x86_64-fedora-clang, r-devel-linux-x86_64-fedora-gcc, r-devel-windows-x86_64, r-patched-linux-x86_64, r-release-linux-x86_64, r-release-macos-arm64, r-release-macos-x86_64, r-release-windows-x86_64, r-oldrel-macos-arm64, r-oldrel-macos-x86_64, r-oldrel-windows-x86_64

Version: 0.1.0
Check: Rd cross-references
Result: NOTE Found the following Rd file(s) with Rd \link{} targets missing package anchors: grid_search.Rd: boot random_search.Rd: boot run_test.Rd: boot Please provide package anchors for all Rd \link{} targets not in the package itself and the base packages. Flavors: r-devel-linux-x86_64-debian-gcc, r-devel-windows-x86_64