CRAN Package Check Results for Package paleobioDB

Last updated on 2024-07-13 04:48:44 CEST.

Flavor Version Tinstall Tcheck Ttotal Status Flags
r-devel-linux-x86_64-debian-clang 1.0.0 22.42 247.88 270.30 OK
r-devel-linux-x86_64-debian-gcc 1.0.0 20.64 172.25 192.89 OK
r-devel-linux-x86_64-fedora-clang 1.0.0 325.87 OK
r-devel-linux-x86_64-fedora-gcc 1.0.0 329.31 OK
r-devel-windows-x86_64 1.0.0 18.00 155.00 173.00 NOTE
r-patched-linux-x86_64 1.0.0 25.65 230.04 255.69 OK
r-release-linux-x86_64 1.0.0 21.29 231.95 253.24 OK
r-release-macos-arm64 1.0.0 62.00 OK
r-release-macos-x86_64 1.0.0 99.00 OK
r-release-windows-x86_64 1.0.0 18.00 156.00 174.00 OK
r-oldrel-macos-arm64 1.0.0 69.00 OK
r-oldrel-macos-x86_64 1.0.0 190.00 OK
r-oldrel-windows-x86_64 1.0.0 18.00 198.00 216.00 OK

Check Details

Version: 1.0.0
Check: Rd cross-references
Result: NOTE Found the following Rd file(s) with Rd \link{} targets missing package anchors: pbdb_map.Rd: map pbdb_map_occur.Rd: map pbdb_map_richness.Rd: map Please provide package anchors for all Rd \link{} targets not in the package itself and the base packages. Flavor: r-devel-windows-x86_64